e the remainder when 110 is divided by 24.
14
What is the remainder when 79 is divided by 48?
31
What is the remainder when 1820 is divided by 12?
8
Calculate the remainder when 187 is divided by 9.
7
What is the remainder when 1370 is divided by 149?
29
What is the remainder when 873 is divided by 73?
70
What is the remainder when 693 is divided by 34?
13
Calculate the remainder when 516 is divided by 74.
72
What is the remainder when 68 is divided by 3?
2
Calculate the remainder when 372 is divided by 15.
12
What is the remainder when 71 is divided by 13?
6
Calculate the remainder when 1005 is divided by 23.
16
What is the remainder when 277 is divided by 24?
13
Calculate the remainder when 542 is divided by 270.
2
Calculate the remainder when 257 is divided by 175.
82
Calculate the remainder when 117 is divided by 103.
14
What is the remainder when 1144 is divided by 190?
4
What is the remainder when 99 is divided by 15?
9
Calculate the remainder when 26474 is divided by 11.
8
What is the remainder when 266 is divided by 2?
0
Calculate the remainder when 3006 is divided by 71.
24
Calculate the remainder when 1239 is divided by 28.
7
Calculate the remainder when 511 is divided by 79.
37
What is the remainder when 563 is divided by 553?
10
Calculate the remainder when 62 is divided by 50.
12
Calculate the remainder when 3562 is divided by 2.
0
Calculate the remainder when 3984 is divided by 121.
112
Calculate the remainder when 12173 is divided by 16.
13
What is the remainder when 5949 is divided by 35?
34
Calculate the remainder when 4148 is divided by 346.
342
What is the remainder when 990 is divided by 295?
105
Calculate the remainder when 233 is divided by 36.
17
Calculate the remainder when 568 is divided by 57.
55
What is the remainder when 37 is divided by 27?
10
Calculate the remainder when 380 is divided by 32.
28
What is the remainder when 6358 is divided by 10?
8
Calculate the remainder when 138 is divided by 72.
66
What is the remainder when 485 is divided by 240?
5
Calculate the remainder when 5497 is divided by 393.
388
What is the remainder when 89 is divided by 19?
13
Calculate the remainder when 90 is divided by 18.
0
What is the remainder when 349 is divided by 282?
67
Calculate the remainder when 10284 is divided by 81.
78
What is the remainder when 997 is divided by 40?
37
What is the remainder when 1528 is divided by 197?
149
Calculate the remainder when 135 is divided by 27.
0
What is the remainder when 886 is divided by 81?
76
Calculate the remainder when 229 is divided by 22.
9
Calculate the remainder when 279 is divided by 74.
57
What is the remainder when 452 is divided by 14?
4
What is the remainder when 778 is divided by 17?
13
What is the remainder when 1102 is divided by 285?
247
Calculate the remainder when 558 is divided by 40.
38
What is the remainder when 38 is divided by 20?
18
What is the remainder when 253 is divided by 118?
17
Calculate the remainder when 171 is divided by 90.
81
What is the remainder when 249 is divided by 32?
25
What is the remainder when 70 is divided by 10?
0
Calculate the remainder when 370 is divided by 45.
10
Calculate the remainder when 1446 is divided by 7.
4
Calculate the remainder when 490 is divided by 62.
56
What is the remainder when 8436 is divided by 2100?
36
Calculate the remainder when 150 is divided by 20.
10
What is the remainder when 30 is divided by 23?
7
What is the remainder when 291 is divided by 21?
18
What is the remainder when 1642 is divided by 108?
22
What is the remainder when 90 is divided by 17?
5
What is the remainder when 5894 is divided by 118?
112
What is the remainder when 998 is divided by 37?
36
What is the remainder when 104 is divided by 9?
5
Calculate the remainder when 4980 is divided by 8.
4
Calculate the remainder when 951 is divided by 378.
195
What is the remainder when 85 is divided by 40?
5
What is the remainder when 1127 is divided by 17?
5
What is the remainder when 38 is divided by 26?
12
Calculate the remainder when 2191 is divided by 22.
13
What is the remainder when 391 is divided by 82?
63
Calculate the remainder when 55 is divided by 12.
7
Calculate the remainder when 183 is divided by 57.
12
What is the remainder when 1011 is divided by 8?
3
What is the remainder when 192 is divided by 31?
6
Calculate the remainder when 6432 is divided by 39.
36
What is the remainder when 58 is divided by 15?
13
Calculate the remainder when 24474 is divided by 17.
11
What is the remainder when 711 is divided by 49?
25
What is the remainder when 59 is divided by 37?
22
Calculate the remainder when 2575 is divided by 112.
111
What is the remainder when 12669 is divided by 48?
45
What is the remainder when 11313 is divided by 92?
89
Calculate the remainder when 395 is divided by 18.
17
What is the remainder when 80 is divided by 14?
10
What is the remainder when 247 is divided by 126?
121
Calculate the remainder when 232 is divided by 103.
26
What is the remainder when 99 is divided by 34?
31
What is the remainder when 1216 is divided by 33?
28
Calculate the remainder when 2685 is divided by 207.
201
Calculate the remainder when 989 is divided by 43.
0
Calculate the remainder when 238 is divided by 44.
18
Calculate the remainder when 2823 is divided by 18.
15
Calculate the remainder when 244 is divided by 13.
10
What is the remainder when 143 is divided by 34?
7
Calculate the remainder when 14959 is divided by 40.
39
What is the remainder when 1760 is divided by 43?
40
Calculate the remainder when 2450 is divided by 57.
56
What is the remainder when 326 is divided by 14?
4
Calculate the remainder when 594 is divided by 42.
6
Calculate the remainder when 142 is divided by 127.
15
Calculate the remainder when 18 is divided by 5.
3
What is the remainder when 17440 is divided by 54?
52
Calculate the remainder when 805 is divided by 388.
29
Calculate the remainder when 50 is divided by 22.
6
What is the remainder when 1898 is divided by 100?
98
Calculate the remainder when 632 is divided by 104.
8
What is the remainder when 488 is divided by 83?
73
What is the remainder when 138 is divided by 26?
8
What is the remainder when 89 is divided by 23?
20
What is the remainder when 2758 is divided by 22?
8
Calculate the remainder when 706 is divided by 79.
74
What is the remainder when 807 is divided by 22?
15
What is the remainder when 208 is divided by 104?
0
What is the remainder when 440 is divided by 150?
140
What is the remainder when 25 is divided by 9?
7
What is the remainder when 39892 is divided by 109?
107
What is the remainder when 235 is divided by 80?
75
What is the remainder when 246 is divided by 162?
84
Calculate the remainder when 103 is divided by 32.
7
What is the remainder when 86 is divided by 27?
5
What is the remainder when 1910 is divided by 60?
50
Calculate the remainder when 94 is divided by 24.
22
Calculate the remainder when 3160 is divided by 96.
88
Calculate the remainder when 60 is divided by 31.
29
What is the remainder when 1013 is divided by 34?
27
Calculate the remainder when 64 is divided by 23.
18
What is the remainder when 2363 is divided by 32?
27
Calculate the remainder when 27075 is divided by 17.
11
Calculate the remainder when 414 is divided by 4.
2
Calculate the remainder when 895 is divided by 29.
25
Calculate the remainder when 261 is divided by 33.
30
What is the remainder when 616 is divided by 84?
28
Calculate the remainder when 701 is divided by 32.
29
What is the remainder when 21526 is divided by 19?
18
Calculate the remainder when 196 is divided by 22.
20
Calculate the remainder when 175 is divided by 22.
21
What is the remainder when 1298 is divided by 13?
11
Calculate the remainder when 9416 is divided by 219.
218
What is the remainder when 62 is divided by 32?
30
What is the remainder when 57887 is divided by 48?
47
Calculate the remainder when 3885 is divided by 17.
9
Calculate the remainder when 119 is divided by 113.
6
Calculate the remainder when 3905 is divided by 93.
92
What is the remainder when 317 is divided by 53?
52
What is the remainder when 20 is divided by 17?
3
What is the remainder when 217 is divided by 61?
34
Calculate the remainder when 48 is divided by 26.
22
Calculate the remaind